{"id":175,"date":"2015-09-08T13:34:03","date_gmt":"2015-09-08T11:34:03","guid":{"rendered":"http:\/\/www.agenciamksports.com\/?page_id=175"},"modified":"2024-06-05T14:18:26","modified_gmt":"2024-06-05T12:18:26","slug":"aviso-legal","status":"publish","type":"page","link":"https:\/\/www.agenciamksports.com\/?page_id=175","title":{"rendered":"Aviso legal"},"content":{"rendered":"<p>[et_pb_section fb_built=\u00bb1&#8243; _builder_version=\u00bb3.0.47&#8243;][et_pb_row _builder_version=\u00bb3.0.47&#8243; background_size=\u00bbinitial\u00bb background_position=\u00bbtop_left\u00bb background_repeat=\u00bbrepeat\u00bb][et_pb_column type=\u00bb4_4&#8243; _builder_version=\u00bb3.0.47&#8243; parallax=\u00bboff\u00bb parallax_method=\u00bbon\u00bb][et_pb_text _builder_version=\u00bb3.0.106&#8243; background_size=\u00bbinitial\u00bb background_position=\u00bbtop_left\u00bb background_repeat=\u00bbrepeat\u00bb use_border_color=\u00bboff\u00bb]<\/p>\n<h2>AVISO LEGAL<\/h2>\n<p>&nbsp;<\/p>\n<ul>\n<li style=\"text-align: left;\"><strong><span dir=\"ltr\" role=\"presentation\">INTRODUCCION:<\/span><\/strong><br role=\"presentation\" \/><span dir=\"ltr\" role=\"presentation\">El presente documento tiene como finalidad el establecer y regular las normas de uso de este portal<\/span><br role=\"presentation\" \/><span dir=\"ltr\" role=\"presentation\">web, entendiendo por \u00e9ste todas las p\u00e1ginas y sus contenidos, propiedad de AGENCIA Y EVENTOS<\/span><br role=\"presentation\" \/><span dir=\"ltr\" role=\"presentation\">MARKETING SPORT, S.L. , a las cuales se accede a trav\u00e9s del dominio www.agenciamksports.com.<\/span><br role=\"presentation\" \/><span dir=\"ltr\" role=\"presentation\">La utilizaci\u00f3n del portal web atribuye la condici\u00f3n de usuario del mismo e implica la aceptaci\u00f3n de<\/span><br role=\"presentation\" \/><span dir=\"ltr\" role=\"presentation\">todas las condiciones incluidas en el presente aviso Legal. El usuario se compromete a leer<\/span><br role=\"presentation\" \/><span dir=\"ltr\" role=\"presentation\">atentamente el presente aviso Legal en cada una de las ocasiones en que se proponga utilizar<\/span><br role=\"presentation\" \/><span dir=\"ltr\" role=\"presentation\">nuestro portal web, ya que \u00e9ste y sus condiciones de uso recogidas en el presente aviso Legal<\/span><br role=\"presentation\" \/><span dir=\"ltr\" role=\"presentation\">pueden sufrir modificaciones.\u00a0<\/span><\/li>\n<\/ul>\n<p>&nbsp;<\/p>\n<ul>\n<li style=\"text-align: left;\"><strong><span dir=\"ltr\" role=\"presentation\">DATOS IDENTIFICATIVOS:<\/span><\/strong><br role=\"presentation\" \/><span dir=\"ltr\" role=\"presentation\">En cumplimiento con el deber de informaci\u00f3n recogido en el art\u00edculo 10 de la Ley 34\/2002, de 11 de<\/span><br role=\"presentation\" \/><span dir=\"ltr\" role=\"presentation\">julio, de Servicios de la Sociedad de la Informaci\u00f3n y del Comercio Electr\u00f3nico, a continuaci\u00f3n, se<\/span><br role=\"presentation\" \/><span dir=\"ltr\" role=\"presentation\">reflejan los siguientes datos:<\/span>\n<ul>\n<li style=\"text-align: left;\"><span dir=\"ltr\" role=\"presentation\">Raz\u00f3n social: AGENCIA Y EVENTOS MARKETING SPORT, S.L.<\/span><\/li>\n<li style=\"text-align: left;\"><span dir=\"ltr\" role=\"presentation\">CIF: B86542321<\/span><\/li>\n<li style=\"text-align: left;\"><span dir=\"ltr\" role=\"presentation\">Domicilio: Calle Pinar de San Jos\u00e9, 54, 2\u00baB, CP 28054 MADRID<\/span><\/li>\n<li style=\"text-align: left;\"><span dir=\"ltr\" role=\"presentation\">Tel\u00e9fono: 661769599<\/span><\/li>\n<li style=\"text-align: left;\"><span dir=\"ltr\" role=\"presentation\">Correo electr\u00f3nico: <a href=\"mailto:r.ramos@agenciamksports.com\">r.ramos@agenciamksports.com<\/a><\/span><\/li>\n<li style=\"text-align: left;\"><span dir=\"ltr\" role=\"presentation\">Nombre del dominio: www.agenciamksports.com<\/span><\/li>\n<\/ul>\n<\/li>\n<li><strong><span dir=\"ltr\" role=\"presentation\">USUARIAS Y USUARIOS:<\/span><\/strong><br role=\"presentation\" \/><span dir=\"ltr\" role=\"presentation\">El acceso y uso de este portal , atribuye la condici\u00f3n de USUARIA\/O, que acepta, desde dicho acceso<\/span><br role=\"presentation\" \/><span dir=\"ltr\" role=\"presentation\">y uso, las Condiciones Generales de Uso aqu\u00ed reflejadas. Las citadas Condiciones ser\u00e1n de<\/span><br role=\"presentation\" \/><span dir=\"ltr\" role=\"presentation\">aplicaci\u00f3n independientemente de las Condiciones Generales de Contrataci\u00f3n que en su caso<\/span><br role=\"presentation\" \/><span dir=\"ltr\" role=\"presentation\">resulten de obligado cumplimiento.<\/span><span dir=\"ltr\" role=\"presentation\"><\/span><\/li>\n<\/ul>\n<p><span dir=\"ltr\" role=\"presentation\"><\/span><\/p>\n<ul>\n<li><strong><span dir=\"ltr\" role=\"presentation\">USO DEL PORTAL:<\/span><\/strong><br role=\"presentation\" \/><span dir=\"ltr\" role=\"presentation\">Proporciona el acceso a diversas informaciones sobre nuestra entidad, apartados de contacto,<\/span><br role=\"presentation\" \/><span dir=\"ltr\" role=\"presentation\">hiperenlaces a redes sociales, en adelante contenidos pertenecientes a AGENCIA Y EVENTOS<\/span><br role=\"presentation\" \/><span dir=\"ltr\" role=\"presentation\">MARKETING SPORT, S.L. , o a sus licenciadores, a los que la usuaria o el usuario pueda tener<\/span><br role=\"presentation\" \/><span dir=\"ltr\" role=\"presentation\">acceso. La usuaria o el usuario asume la responsabilidad del uso del portal. Dicha responsabilidad<\/span><br role=\"presentation\" \/><span dir=\"ltr\" role=\"presentation\">se extiende al registro que fuese necesario para acceder a determinados servicios o contenidos, o<\/span><br role=\"presentation\" \/><span dir=\"ltr\" role=\"presentation\">bien para posibilitar la respuesta en relaci\u00f3n con sus consultas en los apartados de contacto de la<\/span><br role=\"presentation\" \/><span dir=\"ltr\" role=\"presentation\">presente p\u00e1gina web, etc. En dicho registro la usuaria o el usuario ser\u00e1 responsable de aportar<\/span><br role=\"presentation\" \/><span dir=\"ltr\" role=\"presentation\">informaci\u00f3n veraz y l\u00edcita.<\/span><\/li>\n<\/ul>\n<p><span dir=\"ltr\" role=\"presentation\"><\/span><\/p>\n<ul>\n<li><strong><span dir=\"ltr\" role=\"presentation\">PROPIEDAD INTELECTUAL E INDUSTRIAL:<\/span><\/strong><br role=\"presentation\" \/><span dir=\"ltr\" role=\"presentation\">AGENCIA Y EVENTOS MARKETING SPORT, S.L., por s\u00ed o como cesionaria, es titular de todos los<\/span><br role=\"presentation\" \/><span dir=\"ltr\" role=\"presentation\">derechos de propiedad intelectual e industrial de su p\u00e1gina web, as\u00ed como de los elementos<\/span><br role=\"presentation\" \/><span dir=\"ltr\" role=\"presentation\">contenidos en la misma (a t\u00edtulo enunciativo: im\u00e1genes, sonido, audio, v\u00eddeo, software o textos;<\/span><br role=\"presentation\" \/><span dir=\"ltr\" role=\"presentation\">marcas o logotipos, combinaciones de colores, estructura y dise\u00f1o, selecci\u00f3n de materiales usados,<\/span><br role=\"presentation\" \/><span dir=\"ltr\" role=\"presentation\">programas de ordenador necesarios para su funcionamiento, acceso y uso, etc.). Todos los<\/span><br role=\"presentation\" \/><span dir=\"ltr\" role=\"presentation\">derechos reservados. En virtud de lo dispuesto en los art\u00edculos 8 y 32.2, p\u00e1rrafo segundo, de la Ley<\/span><br role=\"presentation\" \/><span dir=\"ltr\" role=\"presentation\">de Propiedad Intelectual, quedan expresamente prohibidas la reproducci\u00f3n, la distribuci\u00f3n y la<\/span><br role=\"presentation\" \/><span dir=\"ltr\" role=\"presentation\">comunicaci\u00f3n p\u00fablica, incluida su modalidad de puesta a disposici\u00f3n, de la totalidad o parte de los<\/span><br role=\"presentation\" \/><span dir=\"ltr\" role=\"presentation\">contenidos de esta p\u00e1gina web, con fines comerciales, en cualquier soporte y por cualquier medio<\/span><br role=\"presentation\" \/><span dir=\"ltr\" role=\"presentation\">t\u00e9cnico, sin la autorizaci\u00f3n de AGENCIA Y EVENTOS MARKETING SPORT, S.L. . En ning\u00fan momento,<\/span><br role=\"presentation\" \/><span dir=\"ltr\" role=\"presentation\">salvo manifestaci\u00f3n expresa de lo contrario, el acceso, navegaci\u00f3n o utilizaci\u00f3n del sitio Web o de<\/span><br role=\"presentation\" \/><span dir=\"ltr\" role=\"presentation\">sus contenidos confiere a la usuaria o al usuario derecho alguno sobre signos distintivos en \u00e9l<\/span><br role=\"presentation\" \/><span dir=\"ltr\" role=\"presentation\">incluidos. La usuaria o el usuario se compromete a respetar los derechos de Propiedad Intelectual e<\/span><br role=\"presentation\" \/><span dir=\"ltr\" role=\"presentation\">Industrial titularidad de AGENCIA Y EVENTOS MARKETING SPORT, S.L. En el caso de que la usuaria<\/span><br role=\"presentation\" \/><span dir=\"ltr\" role=\"presentation\">o el usuario env\u00ede informaci\u00f3n de cualquier tipo a AGENCIA Y EVENTOS MARKETING SPORT, S.L. a<\/span><br role=\"presentation\" \/><span dir=\"ltr\" role=\"presentation\">trav\u00e9s de cualquiera de los canales habilitados para ello dentro de nuestro portal web, la usuaria o el<\/span><br role=\"presentation\" \/><span dir=\"ltr\" role=\"presentation\">usuario declara, garantiza y acepta que tiene derecho a hacerlo con total libertad, que dicha<\/span><br role=\"presentation\" \/><span dir=\"ltr\" role=\"presentation\">informaci\u00f3n no infringe ning\u00fan derecho de propiedad intelectual, industrial, o cualesquiera otros<\/span><br role=\"presentation\" \/><span dir=\"ltr\" role=\"presentation\">derechos de terceras personas, y que dicha informaci\u00f3n no tiene car\u00e1cter confidencial ni es<\/span><br role=\"presentation\" \/><span dir=\"ltr\" role=\"presentation\">perjudicial para terceras personas.<\/span><\/li>\n<\/ul>\n<p><span dir=\"ltr\" role=\"presentation\"><\/span><\/p>\n<ul>\n<li><strong><span dir=\"ltr\" role=\"presentation\">EXCLUSI\u00d3N DE GARANT\u00cdAS Y RESPONSABILIDAD:<\/span><\/strong><br role=\"presentation\" \/><span dir=\"ltr\" role=\"presentation\">AGENCIA Y EVENTOS MARKETING SPORT, S.L. no se hace responsable, en ning\u00fan caso, de los<\/span><br role=\"presentation\" \/><span dir=\"ltr\" role=\"presentation\">da\u00f1os y perjuicios de cualquier naturaleza que se pudieran ocasionar, a t\u00edtulo enunciativo: errores u<\/span><br role=\"presentation\" \/><span dir=\"ltr\" role=\"presentation\">omisiones en los contenidos, falta de disponibilidad del portal o la transmisi\u00f3n de virus o programas<\/span><br role=\"presentation\" \/><span dir=\"ltr\" role=\"presentation\">maliciosos o lesivos en los contenidos, a pesar de haber adoptado todas las medidas tecnol\u00f3gicas<\/span><br role=\"presentation\" \/><span dir=\"ltr\" role=\"presentation\">necesarias para evitarlo. El contenido, informaci\u00f3n y consejos expresados en este portal web deben<\/span><br role=\"presentation\" \/><span dir=\"ltr\" role=\"presentation\">entenderse como simplemente orientativos. AGENCIA Y EVENTOS MARKETING SPORT, S.L. no<\/span><br role=\"presentation\" \/><span dir=\"ltr\" role=\"presentation\">responde de ninguna forma de la efectividad o exactitud de los mismos, quedando exento de<\/span><br role=\"presentation\" \/><span dir=\"ltr\" role=\"presentation\">cualquier responsabilidad con los usuarios y usuarias que hagan uso de ellos.<\/span><br role=\"presentation\" \/><span dir=\"ltr\" role=\"presentation\">En este Sitio se pueden publicar contenidos y comentarios aportados por terceras personas.<\/span><br role=\"presentation\" \/><span dir=\"ltr\" role=\"presentation\">AGENCIA Y EVENTOS MARKETING SPORT, S.L. no responde de la veracidad y exactitud de los<\/span><br role=\"presentation\" \/><span dir=\"ltr\" role=\"presentation\">mismos, quedando exenta de cualquier responsabilidad con los usuarios y con las usuarias que<\/span><br role=\"presentation\" \/><span dir=\"ltr\" role=\"presentation\">hagan uso de ellos. AGENCIA Y EVENTOS MARKETING SPORT, S.L. se reserva el derecho de<\/span><br role=\"presentation\" \/><span dir=\"ltr\" role=\"presentation\">modificar el contenido del Sitio sin previo aviso y sin ning\u00fan tipo de limitaci\u00f3n. As\u00ed mismo, la<\/span><br role=\"presentation\" \/><span dir=\"ltr\" role=\"presentation\">empresa declina cualquier responsabilidad por los eventuales da\u00f1os y perjuicios que puedan<\/span><br role=\"presentation\" \/><span dir=\"ltr\" role=\"presentation\">ocasionarse por la falta de disponibilidad o continuidad de este sitio y de los servicios que se<\/span><br role=\"presentation\" \/><span dir=\"ltr\" role=\"presentation\">ofrecen en \u00e9l. Tampoco podemos garantizar la ausencia de virus ni de otros elementos en la Web<\/span><br role=\"presentation\" \/><span dir=\"ltr\" role=\"presentation\">que puedan producir alteraciones en su sistema inform\u00e1tico. AGENCIA Y EVENTOS MARKETING<\/span><br role=\"presentation\" \/><span dir=\"ltr\" role=\"presentation\">SPORT, S.L. declina cualquier responsabilidad por los servicios e informaci\u00f3n que se preste en otros<\/span><br role=\"presentation\" \/><span dir=\"ltr\" role=\"presentation\">sitios enlazados con este, ya que no controla ni ejerce ning\u00fan tipo de supervisi\u00f3n en Sitios Webs de<\/span><br role=\"presentation\" \/><span dir=\"ltr\" role=\"presentation\">terceras personas.Aconsejamos a las usuarias y a los usuarios de los mismos que act\u00faen con<\/span><br role=\"presentation\" \/><span dir=\"ltr\" role=\"presentation\">prudencia y que consulten las eventuales condiciones legales que se expongan en dichas Webs. As\u00ed<\/span><br role=\"presentation\" \/><span dir=\"ltr\" role=\"presentation\">mismo, los Usuarios\/as que remitan cualquier tipo de informaci\u00f3n a se asegurar\u00e1n de que la misma<br \/> <\/span><span dir=\"ltr\" role=\"presentation\">sea veraz y de que no vulnere cualquier derecho de terceras personas ni la legalidad vigente. Si Ud.<\/span><br role=\"presentation\" \/><span dir=\"ltr\" role=\"presentation\">cree que cualquier contenido o informaci\u00f3n de este Sitio vulnera un derecho leg\u00edtimo o la legalidad<\/span><br role=\"presentation\" \/><span dir=\"ltr\" role=\"presentation\">vigente le estar\u00edamos muy agradecidos que se pusiera en contacto con nosotros a trav\u00e9s de los<\/span><br role=\"presentation\" \/><span dir=\"ltr\" role=\"presentation\">m e d i o s q u e c o n s i d e r e o p o r t u n o s b i e n a l a d i r e c c i \u00f3 n d e c o r r e o e l e c t r \u00f3 n i c o<\/span><br role=\"presentation\" \/><span dir=\"ltr\" role=\"presentation\">r.ramos@agenciamksports.com o en el siguiente n\u00famero de tel\u00e9fono 661769599 para que podamos<\/span><br role=\"presentation\" \/><span dir=\"ltr\" role=\"presentation\">tomar las medidas oportunas.<\/span><span dir=\"ltr\" role=\"presentation\"><\/span><\/li>\n<\/ul>\n<p><span dir=\"ltr\" role=\"presentation\"><\/span><\/p>\n<ul>\n<li><span dir=\"ltr\" role=\"presentation\"><strong>MODIFICACIONES<\/strong>:<\/span><br role=\"presentation\" \/><span dir=\"ltr\" role=\"presentation\">AGENCIA Y EVENTOS MARKETING SPORT, S.L. se reserva el derecho de efectuar sin previo aviso las<\/span><br role=\"presentation\" \/><span dir=\"ltr\" role=\"presentation\">modificaciones que considere oportunas en su portal, pudiendo cambiar, suprimir o a\u00f1adir tanto los<\/span><br role=\"presentation\" \/><span dir=\"ltr\" role=\"presentation\">contenidos y servicios que se presten a trav\u00e9s de la misma como la forma en la que estos<\/span><br role=\"presentation\" \/><span dir=\"ltr\" role=\"presentation\">aparezcan presentados o localizados en su portal.<\/span><\/li>\n<\/ul>\n<p><span dir=\"ltr\" role=\"presentation\"><\/span><\/p>\n<ul>\n<li><span dir=\"ltr\" role=\"presentation\"><strong>ENLACES<\/strong>:<\/span><br role=\"presentation\" \/><span dir=\"ltr\" role=\"presentation\">En el caso de que en nombre del dominio se pusieran en funcionamiento enlaces o hiperv\u00ednculos<\/span><br role=\"presentation\" \/><span dir=\"ltr\" role=\"presentation\">que recayeran en otros sitios de Internet AGENCIA Y EVENTOS MARKETING SPORT, S.L. no ejercer\u00e1<\/span><br role=\"presentation\" \/><span dir=\"ltr\" role=\"presentation\">ning\u00fan tipo de control sobre dichos sitios y contenidos. En ning\u00fan caso AGENCIA Y EVENTOS<\/span><br role=\"presentation\" \/><span dir=\"ltr\" role=\"presentation\">MARKETING SPORT, S.L. asumir\u00e1 responsabilidad alguna por los contenidos de alg\u00fan enlace<\/span><br role=\"presentation\" \/><span dir=\"ltr\" role=\"presentation\">perteneciente a un sitio web ajeno, ni garantizar\u00e1 la disponibilidad t\u00e9cnica, calidad, fiabilidad,<\/span><br role=\"presentation\" \/><span dir=\"ltr\" role=\"presentation\">exactitud, amplitud, veracidad, validez y constitucionalidad de cualquier material o informaci\u00f3n<\/span><br role=\"presentation\" \/><span dir=\"ltr\" role=\"presentation\">contenida en ninguno de dichos hiperv\u00ednculos u otros sitios de Internet. Igualmente, la inclusi\u00f3n de<\/span><br role=\"presentation\" \/><span dir=\"ltr\" role=\"presentation\">estas conexiones externas no implicar\u00e1 ning\u00fan tipo de asociaci\u00f3n, fusi\u00f3n o participaci\u00f3n con las<\/span><br role=\"presentation\" \/><span dir=\"ltr\" role=\"presentation\">entidades conectadas.<\/span><br role=\"presentation\" \/><span dir=\"ltr\" role=\"presentation\">La usuaria o el usuario reconoce y acepta que AGENCIA Y EVENTOS MARKETING SPORT, S.L. no<\/span><br role=\"presentation\" \/><span dir=\"ltr\" role=\"presentation\">ser\u00e1 responsable de las p\u00e9rdidas o da\u00f1os en que la usuaria o el usuario pueda incurrir a<\/span><br role=\"presentation\" \/><span dir=\"ltr\" role=\"presentation\">consecuencia de la disponibilidad de los mencionados sitios web o recursos externos, o a<\/span><br role=\"presentation\" \/><span dir=\"ltr\" role=\"presentation\">consecuencia de la credibilidad que otorgue a la exhaustividad, precisi\u00f3n o existencia de cualquier<\/span><br role=\"presentation\" \/><span dir=\"ltr\" role=\"presentation\">tipo de publicidad, productos u otros materiales ofrecidos a trav\u00e9s de dicho sitio web u otros<\/span><br role=\"presentation\" \/><span dir=\"ltr\" role=\"presentation\">recursos.<\/span><\/li>\n<\/ul>\n<p><span dir=\"ltr\" role=\"presentation\"><\/span><\/p>\n<ul>\n<li><strong><span dir=\"ltr\" role=\"presentation\">DERECHO DE EXCLUSI\u00d3N:<\/span><\/strong><br role=\"presentation\" \/><span dir=\"ltr\" role=\"presentation\">AGENCIA Y EVENTOS MARKETING SPORT, S.L. se reserva el derecho a denegar o retirar el acceso a<\/span><br role=\"presentation\" \/><span dir=\"ltr\" role=\"presentation\">portal o a los servicios ofrecidos sin necesidad de preaviso, a instancia propia o de terceras<\/span><br role=\"presentation\" \/><span dir=\"ltr\" role=\"presentation\">personas, a aquellos usuarios y a aquellas usuarias que incumplan las presentes Condiciones<\/span><br role=\"presentation\" \/><span dir=\"ltr\" role=\"presentation\">Generales de Uso.<\/span><\/li>\n<\/ul>\n<p><span dir=\"ltr\" role=\"presentation\"><\/span><\/p>\n<ul>\n<li><span dir=\"ltr\" role=\"presentation\"><strong>GENERALIDADES<\/strong>:<\/span><br role=\"presentation\" \/><span dir=\"ltr\" role=\"presentation\">AGENCIA Y EVENTOS MARKETING SPORT, S.L.perseguir\u00e1 el incumplimiento de las presentes<\/span><br role=\"presentation\" \/><span dir=\"ltr\" role=\"presentation\">condiciones, as\u00ed como cualquier utilizaci\u00f3n indebida de su portal ejerciendo todas las acciones<\/span><br role=\"presentation\" \/><span dir=\"ltr\" role=\"presentation\">civiles y penales que le puedan corresponder en derecho.<\/span><\/li>\n<\/ul>\n<p>&nbsp;<\/p>\n<ul>\n<li><strong><span dir=\"ltr\" role=\"presentation\">LEGISLACI\u00d3N APLICABLE Y JURISDICCI\u00d3N:<\/span><\/strong><br role=\"presentation\" \/><span dir=\"ltr\" role=\"presentation\">La relaci\u00f3n entre AGENCIA Y EVENTOS MARKETING SPORT, S.L. y la usuaria o el usuario se regir\u00e1<\/span><br role=\"presentation\" \/><span dir=\"ltr\" role=\"presentation\">por la normativa espa\u00f1ola vigente. Y siempre que la normativa vigente al efecto establezca la<\/span><br role=\"presentation\" \/><span dir=\"ltr\" role=\"presentation\">posibilidad para las partes la sumisi\u00f3n a un fuero determinado cualquier controversia entre la<\/span><br role=\"presentation\" \/><span dir=\"ltr\" role=\"presentation\">persona responsable del sitio web y la usuaria o el usuario se someter\u00e1 a los Juzgados y tribunales<\/span><br role=\"presentation\" \/><span dir=\"ltr\" role=\"presentation\">de la ciudad de Madrid<\/span><\/li>\n<\/ul>\n<p>&nbsp;<\/p>\n<ul>\n<li><strong><span dir=\"ltr\" role=\"presentation\">PLATAFORMA EUROPEA DE RESOLUCI\u00d3N DE CONFLICTOS EN L\u00cdNEA:<\/span><\/strong><br role=\"presentation\" \/><span dir=\"ltr\" role=\"presentation\">Le informamos que ante cualquier problema que pueda derivarse del servicio contratado o producto<\/span><br role=\"presentation\" \/><span dir=\"ltr\" role=\"presentation\">vendido, puede utilizar la plataforma europea de resoluci\u00f3n de disputas online, esta es:<\/span><br role=\"presentation\" \/><span dir=\"ltr\" role=\"presentation\">https:\/\/ec.europa.eu\/consumers\/odr\/main\/index.cfm?event=main.home.show&amp;lng=ES<\/span><\/li>\n<\/ul>\n<p>[\/et_pb_text][\/et_pb_column][\/et_pb_row][\/et_pb_section]<\/p>\n","protected":false},"excerpt":{"rendered":"<p>AVISO LEGAL &nbsp; INTRODUCCION:El presente documento tiene como finalidad el establecer y regular las normas de uso de este portalweb, entendiendo por \u00e9ste todas las p\u00e1ginas y sus contenidos, propiedad de AGENCIA Y EVENTOSMARKETING SPORT, S.L. , a las cuales se accede a trav\u00e9s del dominio www.agenciamksports.com.La utilizaci\u00f3n del portal web atribuye la condici\u00f3n de [&hellip;]<\/p>\n","protected":false},"author":1,"featured_media":0,"parent":0,"menu_order":0,"comment_status":"closed","ping_status":"closed","template":"","meta":{"_et_pb_use_builder":"on","_et_pb_old_content":"","_et_gb_content_width":"","footnotes":""},"class_list":["post-175","page","type-page","status-publish","hentry"],"_links":{"self":[{"href":"https:\/\/www.agenciamksports.com\/index.php?rest_route=\/wp\/v2\/pages\/175","targetHints":{"allow":["GET"]}}],"collection":[{"href":"https:\/\/www.agenciamksports.com\/index.php?rest_route=\/wp\/v2\/pages"}],"about":[{"href":"https:\/\/www.agenciamksports.com\/index.php?rest_route=\/wp\/v2\/types\/page"}],"author":[{"embeddable":true,"href":"https:\/\/www.agenciamksports.com\/index.php?rest_route=\/wp\/v2\/users\/1"}],"replies":[{"embeddable":true,"href":"https:\/\/www.agenciamksports.com\/index.php?rest_route=%2Fwp%2Fv2%2Fcomments&post=175"}],"version-history":[{"count":6,"href":"https:\/\/www.agenciamksports.com\/index.php?rest_route=\/wp\/v2\/pages\/175\/revisions"}],"predecessor-version":[{"id":448,"href":"https:\/\/www.agenciamksports.com\/index.php?rest_route=\/wp\/v2\/pages\/175\/revisions\/448"}],"wp:attachment":[{"href":"https:\/\/www.agenciamksports.com\/index.php?rest_route=%2Fwp%2Fv2%2Fmedia&parent=175"}],"curies":[{"name":"wp","href":"https:\/\/api.w.org\/{rel}","templated":true}]}}